5 = 0. Let m = z - -8. Does 8 divide m?
True
Suppose 3*n - 4*n = w - 377, -4*w = -3*n + 1103. Does 40 divide n?
False
Is 54 a factor of 15*27*(-12 - (-148)/10)?
True
Suppose 0 = -7*n + 4*n - 0*n. Is 9 a factor of n/5 - (-62 + 1)?
False
Suppose 2*d = -2*z + 447 + 127, -4*z + 5*d = -1130. Suppose 0 = -6*s + z + 57. Does 19 divide s?
True
Suppose 0*r - 768 = -8*r. Is 12 a factor of r?
True
Let n = 187 - 115. Suppose -4*q = -5*q - n. Let l = 137 + q. Is 13 a factor of l?
True
Does 5 divide 2432/(-16)*(-1)/4?
False
Let b be 22/6*2 + (-26)/(-39). Let l(n) = n**3 - 6*n**2 - 8*n - 15. Is l(b) a multiple of 7?
True
Let h(m) = -20*m + 204. Is h(-7) a multiple of 8?
True
Suppose -h - 4*u + 491 = 0, -2521 = -21*h + 16*h + 2*u. Is 30 a factor of h?
False
Let g be (-3 - -5)*14/(-4). Does 17 divide (-1)/(-2)*(9 + g) - -144?
False
Let f = 255 - -350. Does 11 divide f?
True
Let k be -3 + (-4 - -9) - (-7 - 0). Let j = k + 59. Is j a multiple of 13?
False
Suppose 9*i = 7*i - 8. Let p be ((-2)/i)/((-1)/(-14)). Let s(a) = -a**3 + 7*a**2 + 3*a. Is s(p) a multiple of 9?
False
Let p(s) be the second derivative of 2*s**3 + 7*s**2 - 10*s. Let q be p(12). Let z = -30 + q. Is 32 a factor of z?
True
Let z(o) = 3 - 5*o + 5 - 5. Suppose 2*f - 1 = 3*a, -5*f + f - 16 = 0. Does 6 divide z(a)?
True
Suppose -2*o + 474 + 700 = 0. Is o a multiple of 12?
False
Let g = 339 - -222. Is 33 a factor of g?
True
Let d = 72 + -124. Let j = d - -22. Is (40/j)/(4/(-6)) a multiple of 2?
True
Suppose -10*b - 1111 = -2881. Suppose -5*n = 2*h - 118, 3*h + 5*n = -0*n + b. Does 6 divide h?
False
Suppose 0 = -2*p + 3*p + 27. Let t = -197 + 118. Let k = p - t. Does 18 divide k?
False
Suppose 2*f + 10 = 8. Does 2 divide (-10)/f*16/40?
True
Let t(k) = k**3 - 7*k**2 + 13*k - 14. Let v be t(10). Suppose 77*q + v = 79*q. Is q a multiple of 16?
True
Let t(x) = -x**3 + 9*x**2 + 3*x + 2. Let k be -2 - (-10)/2 - (-19 - -13). Is 6 a factor of t(k)?
False
Let t(u) = 32*u**2. Let d be (8 + -4 + -2)/2. Does 6 divide t(d)?
False
Let o = -112 - -128. Let p = 189 - o. Does 21 divide p?
False
Let u(s) = s**3 + 5*s**2 + 4*s + 8. Let a(x) = x**2. Let j(q) = 3*a(q) + u(q). Is 7 a factor of j(-6)?
True
Let p(a) = -3*a**3 + 7*a**2 + 15*a - 17. Does 61 divide p(-6)?
True
Let c = 297 - 78. Is c a multiple of 75?
False
Let j = -47 - 92. Let b = 239 + j. Is b a multiple of 20?
True
Suppose 7*o = -0*o + 1939. Does 10 divide o?
False
Suppose -5*n = -9*n + 1440. Is n a multiple of 30?
True
Let l be (-6)/27 + 3808/(-36). Is (-5 + 4)*l + 4 a multiple of 25?
False
Let h = 20 - 8. Let x be 14/(-3)*1206/h. Is 17 a factor of (x/(-21))/(1/3)?
False
Suppose -233*w + 252 = -232*w. Is w a multiple of 14?
True
Suppose 2*z - 4*t - 42 = -2, 28 = 4*z + 5*t. Is z a multiple of 3?
True
Let l = 1243 - 662. Does 10 divide l?
False
Suppose 3*y - 4*n = -2*y + 93, -3*n + 9 = 0. Suppose 49 = 3*g - h, -74 = -5*g - h + y. Is g a multiple of 6?
True
Suppose 3*g - 75 = -0*g. Let y be -10*(-2)/4 + -2. Suppose y*r = g + 65. Is r a multiple of 12?
False
Let s be -59*((-2)/2 - (-2)/(-2)). Let q = 145 - s. Does 3 divide q?
True
Let r(y) = y - 1. Let b be r(11). Is 19 a factor of -3 - (-91)/35 - (-954)/b?
True
Let w(v) = -v**3 + 13*v**2 + 2*v - 10. Does 16 divide w(13)?
True
Suppose 0*k + 5*k + 37 = -2*j, 0 = -k - 2*j - 1. Does 2 divide (-48)/k - (-1)/(-3)?
False
Let x = -6 + 6. Suppose x = 6*o - 124 - 8. Is 4 a factor of o?
False
Suppose -5*o + 106 = 496. Suppose 5*s + 593 = -4*b + 135, 3*b = -s - 349. Let r = o - b. Is 14 a factor of r?
False
Let t be ((-50)/40)/((-2)/8). Suppose -t*z + 3*h + 29 = 0, 5*h + 28 + 7 = 5*z. Suppose -z*x + 253 + 91 = 0. Does 39 divide x?
False
Let g = -13 + 9. Let z be g + (-388)/(2 - 3). Suppose b - 156 = 4*i - 60, 0 = 4*b - 4*i - z. Is 16 a factor of b?
True
Let i = 5076 + -1296. Is 18 a factor of i?
True
Suppose 2*r = -5*p - 10, 0 = -0*p - p + 5*r + 25. Suppose p = 5*x - 3*l - 276, 5*l + 6 = 2*l. Is x a multiple of 16?
False
Let j(l) = l**3 + 4*l - 4. Let y be j(-4). Let h be (2 + y/20)*-5. Let o = -1 + h. Is 5 a factor of o?
True
Let z(v) = 2 - v**2 + 3*v + 1 + 8 + 7*v. Is z(8) a multiple of 27?
True
Let a = -155 + 555. Is 16 a factor of a?
True
Let m(h) = -12*h + 31. Let u(q) = -11*q + 27. Let k(w) = 6*m(w) - 7*u(w). Suppose s - 11 = -i - 3*s, -2*s + 2 = 0. Is 16 a factor of k(i)?
True
Suppose -3*b = -0*b. Suppose l - 24 = -4*f, -2*f + l + 16 = 2*f. Suppose f*h + 104 = k, b = -3*k - 4*h + h + 240. Is k a multiple of 12?
True
Let u(z) = z**2 - 9*z + 13. Let w = 26 + -16. Does 8 divide u(w)?
False
Let j be (-8)/36 + (-2)/(-9). Suppose g - 2*l + 2 = 0, j = 3*g + l + 5 + 1. Does 4 divide ((-1)/g)/((-9)/(-396))?
False
Suppose -6 = 3*o, -2*u + 6 = -2*o - 2. Let y = 29 + -25. Suppose -y*s + 51 = -a, -2*s + 53 = u*s + a. Is s a multiple of 6?
False
Let r(k) be the third derivative of -1/6*k**4 + 3/2*k**3 + 0*k - 4*k**2 + 0. Is 29 a factor of r(-11)?
False
Suppose 6*x - 2*a = 3*x - 47, x - 5*a + 20 = 0. Let u = -12 - x. Suppose 0 = -i + 5*f + 36, -f - 21 - 45 = -u*i. Is i a multiple of 7?
True
Suppose -6*h = -11*h + 3*o + 8196, -5*h - 3*o = -8184. Does 22 divide h?
False
Let m(n) = 219*n**2 - 48*n - 138. Is 30 a factor of m(-3)?
False
Suppose -t + 4*w - 29 = -7, -5*w + 23 = t. Let v(y) = -135*y - 20. Does 38 divide v(t)?
False
Let g(v) = 5*v**2 - 2*v - 32. Does 4 divide g(-6)?
True
Let d be (2/(-2))/(2/(-6)). Suppose -6*k - 150 = -d*k. Let t = -23 - k. Is t a multiple of 14?
False
Suppose -6*k = -4*k - 4. Suppose 0 = -z + k*z. Suppose z*g - 68 = -g. Does 17 divide g?
True
Let m(c) = c + 39. Let z be m(0). Suppose -h + z = 3*o, 128 = 6*h - 2*h - 2*o. Is h a multiple of 14?
False
Suppose -5*t - 4*z = 38 - 88, 4*t - z = 19. Is 6 a factor of t?
True
Let r be (8 + -8)/(0 + 1). Suppose r = 8*v - 7*v - 265. Does 19 divide v?
False
Suppose 46*j - 2559 = 385. Is 57 a factor of j?
False
Suppose -x = -j + 14 - 1, 67 = -5*x + 3*j. Let i(v) = v**3 + 14*v**2 - 13*v - 7. Let l be i(-15). Let n = x - l. Is n a multiple of 15?
False
Suppose 10 = -2*t, 4*n + 4*t - 24 - 228 = 0. Suppose -v + 7 = -4*q, -7*q = 4*v - 3*q - n. Is 5 a factor of v?
True
Suppose 5*w = 0, 2686 = i - 2*w - 889. Does 13 divide i?
True
Is 4 a factor of ((-24)/(-8) - 63)*-5?
True
Suppose -8 = -5*q + 2. Suppose -q*x + 68 - 20 = 0. Does 7 divide x?
False
Suppose -2407*j = -2417*j + 250. Does 25 divide j?
True
Let c be -2*(-4 - (-6 + 3)). Suppose 5*v - 2*w - 154 = 0, 111 = 3*v + 2*w + 9. Suppose 3*f + 4*b + 14 = 56, 4*b = -c*f + v. Does 8 divide f?
False
Suppose 4*i = -3*s + 2612, -460 - 844 = -2*i - s. Is 14 a factor of i?
False
Let k(g) be the second derivative of g**4/4 - 5*g**3/6 - 17*g**2/2 + 2*g. Does 31 divide k(-6)?
False
Suppose x - 2*x = -4. Let z be (-7)/(-1) - (x + -1). Suppose -z*u + 120 = u. Is 5 a factor of u?
False
Let r(p) = p**2 - 8 + 3 + 5*p + 2 + 11*p**3. Does 19 divide r(2)?
False
Suppose -3*d + f + 47 = 0, 3*f = 5*d - 2*f - 95. Is 26 a factor of 1112/d + (-12)/(-21)?
False
Suppose b + 3 = -1, 0 = 2*o + 3*b - 210. Let x = o + -73. Let p = x + -17. Does 4 divide p?
False
Suppose 2 = 5*x - 3*y + 1, 0 = -3*x + 2*y. Let t be (13/x)/((-7)/(-14)). Let b(d) = -d**3 + 12*d**2 + 17*d + 6. Is b(t) a multiple of 29?
True
Let r = -3870 + 7153. Is r a multiple of 11?
False
Let z(s) = s**3 + 6*s**2 + s + 1. Let t be z(-5). Let a be (3/(-6))/((-2)/(2*8)). Suppose -5*i + 102 = -a*p, -3*i + 41 = -2*p - t. Is 22 a factor of i?
True
Suppose 0 = 23*g - 27*g + 168. Let x = 68 + g. Is x a multiple of 22?
True
Let s = 326 + -228. Suppose -4*f + 3*f = -s. Is 5 a factor of f?
False
Suppose -2*f = -12 + 10. Let c be (-5)/(1/(0 - f)). Suppose -4*p + 121 = -p + c*w, 3*w = -5*p + 207. Is p a multiple of 14?
True
Let f = 1484 + -630. Is 61 a factor of f?
True
Let f = -213 - -363. Is 75 a factor of f?
True
Let o = -7 + 9. Suppose -3*a = 4*m - 228, -a = o*a + 2*m - 228. Suppose a = 5*t - t. Is t a multiple of 6?
False
Suppose 2*h + 4*m - 4 + 2 = 0, 0 = -3*h - 4*m + 1. Let j be 5 - 6/4*-2. Let x = h + j. Is x a multiple of 7?
True
Let j(a) = 286*a**2 - a + 2. Is j(1) a multiple of 9?
False
Let o be (-7)/(-35) - (-11)/(-5). Let p(i) = -i + 1. Let x be p(o). Suppose -5*k + 260 = 3*b + 2*b, x*k = 5*b - 228. Is b a multiple of 10?
False
Let c(x) = 3*x**2 + 12*x + 11. Let i be ((-4)/8)/((15/48)